{"id":11,"date":"2024-04-03T11:46:37","date_gmt":"2024-04-03T11:46:37","guid":{"rendered":"https:\/\/fundacaoronaldmcdonald.com\/shop\/cart\/"},"modified":"2025-07-22T15:12:03","modified_gmt":"2025-07-22T15:12:03","slug":"cart","status":"publish","type":"page","link":"https:\/\/fundacaoronaldmcdonald.com\/shop\/cart\/","title":{"rendered":"Cart"},"content":{"rendered":"<div data-block-name=\"woocommerce\/cart\" class=\"wp-block-woocommerce-cart alignwide is-loading\"><div data-block-name=\"woocommerce\/filled-cart-block\" class=\"wp-block-woocommerce-filled-cart-block\"><div data-block-name=\"woocommerce\/cart-items-block\" class=\"wp-block-woocommerce-cart-items-block\"><div data-block-name=\"woocommerce\/cart-line-items-block\" class=\"wp-block-woocommerce-cart-line-items-block\"><\/div>\n\n<div data-block-name=\"woocommerce\/cart-cross-sells-block\" class=\"wp-block-woocommerce-cart-cross-sells-block\"><h2 class=\"wp-block-heading has-large-font-size\">You may be interested in\u2026<\/h2>\n\n<div data-block-name=\"woocommerce\/cart-cross-sells-products-block\" class=\"wp-block-woocommerce-cart-cross-sells-products-block\"><\/div><\/div><\/div>\n\n<div data-block-name=\"woocommerce\/cart-totals-block\" class=\"wp-block-woocommerce-cart-totals-block\"><div data-block-name=\"woocommerce\/cart-order-summary-block\" class=\"wp-block-woocommerce-cart-order-summary-block\"><div data-block-name=\"woocommerce\/cart-order-summary-heading-block\" class=\"wp-block-woocommerce-cart-order-summary-heading-block\"><\/div><div data-block-name=\"woocommerce\/cart-order-summary-coupon-form-block\" class=\"wp-block-woocommerce-cart-order-summary-coupon-form-block\"><\/div><div data-block-name=\"woocommerce\/cart-order-summary-totals-block\" class=\"wp-block-woocommerce-cart-order-summary-totals-block\">\n<div data-block-name=\"woocommerce\/cart-order-summary-subtotal-block\" class=\"wp-block-woocommerce-cart-order-summary-subtotal-block\"><\/div>\n<div data-block-name=\"woocommerce\/cart-order-summary-discount-block\" class=\"wp-block-woocommerce-cart-order-summary-discount-block\"><\/div>\n<div data-block-name=\"woocommerce\/cart-order-summary-fee-block\" class=\"wp-block-woocommerce-cart-order-summary-fee-block\"><\/div>\n<div data-block-name=\"woocommerce\/cart-order-summary-shipping-block\" class=\"wp-block-woocommerce-cart-order-summary-shipping-block\"><\/div>\n<div data-block-name=\"woocommerce\/cart-order-summary-taxes-block\" class=\"wp-block-woocommerce-cart-order-summary-taxes-block\"><\/div><\/div><\/div>\n\n<div data-block-name=\"woocommerce\/cart-express-payment-block\" class=\"wp-block-woocommerce-cart-express-payment-block\"><\/div>\n\n<div data-block-name=\"woocommerce\/proceed-to-checkout-block\" class=\"wp-block-woocommerce-proceed-to-checkout-block\"><\/div>\n\n<div data-block-name=\"woocommerce\/cart-accepted-payment-methods-block\" class=\"wp-block-woocommerce-cart-accepted-payment-methods-block\"><\/div><\/div><\/div>\n\n<div data-block-name=\"woocommerce\/empty-cart-block\" class=\"wp-block-woocommerce-empty-cart-block\"><h2 class=\"wp-block-heading has-text-align-center with-empty-cart-icon wc-block-cart__empty-cart__title\">Your cart is currently empty!<\/h2>\n\n<hr class=\"wp-block-separator has-alpha-channel-opacity is-style-dots\"\/>\n\n<h2 class=\"wp-block-heading has-text-align-center\">New in store<\/h2>\n\n<div data-block-name=\"woocommerce\/product-new\" data-columns=\"4\" data-rows=\"1\" class=\"wc-block-grid wp-block-product-new wp-block-woocommerce-product-new wc-block-product-new has-4-columns\"><ul class=\"wc-block-grid__products\"><li data-gtm_item_name=\"Caneta Funda\u00e7\u00e3o Infantil Ronald McDonald\" data-gtm_item_brand=\"\" data-gtm_item_id=\"3083\" data-gtm_item_sku=\"\" data-gtm_price=\"4.00\" data-gtm_item_category=\"Merchandising\" data-gtm_index=\"1\"class=\"wc-block-grid__product\">\n\t\t\t\t<a href=\"https:\/\/fundacaoronaldmcdonald.com\/shop\/produto\/caneta-fundacao-infantil-ronald-mcdonald\/\" class=\"wc-block-grid__product-link\">\n\t\t\t\t\t\n\t\t\t\t\t<div class=\"wc-block-grid__product-image\"><img fetchpriority=\"high\" decoding=\"async\" width=\"350\" height=\"350\" src=\"https:\/\/fundacaoronaldmcdonald.com\/shop\/wp-content\/uploads\/2025\/07\/4-350x350.png\" class=\"attachment-woocommerce_thumbnail size-woocommerce_thumbnail\" alt=\"Caneta Funda\u00e7\u00e3o Infantil Ronald McDonald\" srcset=\"https:\/\/fundacaoronaldmcdonald.com\/shop\/wp-content\/uploads\/2025\/07\/4-350x350.png 350w, https:\/\/fundacaoronaldmcdonald.com\/shop\/wp-content\/uploads\/2025\/07\/4-300x300.png 300w, https:\/\/fundacaoronaldmcdonald.com\/shop\/wp-content\/uploads\/2025\/07\/4-150x150.png 150w, https:\/\/fundacaoronaldmcdonald.com\/shop\/wp-content\/uploads\/2025\/07\/4-768x768.png 768w, https:\/\/fundacaoronaldmcdonald.com\/shop\/wp-content\/uploads\/2025\/07\/4-680x680.png 680w, https:\/\/fundacaoronaldmcdonald.com\/shop\/wp-content\/uploads\/2025\/07\/4-100x100.png 100w, https:\/\/fundacaoronaldmcdonald.com\/shop\/wp-content\/uploads\/2025\/07\/4.png 1000w\" sizes=\"(max-width: 350px) 100vw, 350px\" \/><\/div>\n\t\t\t\t\t<div class=\"wc-block-grid__product-title\">Caneta Funda\u00e7\u00e3o Infantil Ronald McDonald<\/div>\n\t\t\t\t<\/a>\n\t\t\t\t<div class=\"wc-block-grid__product-price price\"><span class=\"woocommerce-Price-amount amount\">4,00&nbsp;<span class=\"woocommerce-Price-currencySymbol\">&euro;<\/span><\/span><\/div>\n\t\t\t\t\n\t\t\t\t<div class=\"wp-block-button wc-block-grid__product-add-to-cart\"><a href=\"?add-to-cart=3083\" aria-label=\"Adiciona ao carrinho: &ldquo;Caneta Funda\u00e7\u00e3o Infantil Ronald McDonald&rdquo;\" data-quantity=\"1\" data-product_id=\"3083\" data-product_sku=\"\" data-price=\"4\" rel=\"nofollow\" class=\"wp-block-button__link  add_to_cart_button ajax_add_to_cart\">Adicionar<\/a><\/div>\n\t\t\t<\/li><li data-gtm_item_name=\"Garrafa T\u00e9rmica Funda\u00e7\u00e3o Infantil Ronald McDonald\" data-gtm_item_brand=\"\" data-gtm_item_id=\"3080\" data-gtm_item_sku=\"\" data-gtm_price=\"15.00\" data-gtm_item_category=\"Merchandising\" data-gtm_index=\"1\"class=\"wc-block-grid__product\">\n\t\t\t\t<a href=\"https:\/\/fundacaoronaldmcdonald.com\/shop\/produto\/garrafa-termica-fundacao-infantil-ronald-mcdonald\/\" class=\"wc-block-grid__product-link\">\n\t\t\t\t\t\n\t\t\t\t\t<div class=\"wc-block-grid__product-image\"><img decoding=\"async\" width=\"350\" height=\"350\" src=\"https:\/\/fundacaoronaldmcdonald.com\/shop\/wp-content\/uploads\/2025\/07\/7-350x350.png\" class=\"attachment-woocommerce_thumbnail size-woocommerce_thumbnail\" alt=\"Garrafa T\u00e9rmica Funda\u00e7\u00e3o Infantil Ronald McDonald\" srcset=\"https:\/\/fundacaoronaldmcdonald.com\/shop\/wp-content\/uploads\/2025\/07\/7-350x350.png 350w, https:\/\/fundacaoronaldmcdonald.com\/shop\/wp-content\/uploads\/2025\/07\/7-300x300.png 300w, https:\/\/fundacaoronaldmcdonald.com\/shop\/wp-content\/uploads\/2025\/07\/7-150x150.png 150w, https:\/\/fundacaoronaldmcdonald.com\/shop\/wp-content\/uploads\/2025\/07\/7-768x768.png 768w, https:\/\/fundacaoronaldmcdonald.com\/shop\/wp-content\/uploads\/2025\/07\/7-680x680.png 680w, https:\/\/fundacaoronaldmcdonald.com\/shop\/wp-content\/uploads\/2025\/07\/7-100x100.png 100w, https:\/\/fundacaoronaldmcdonald.com\/shop\/wp-content\/uploads\/2025\/07\/7.png 1000w\" sizes=\"(max-width: 350px) 100vw, 350px\" \/><\/div>\n\t\t\t\t\t<div class=\"wc-block-grid__product-title\">Garrafa T\u00e9rmica Funda\u00e7\u00e3o Infantil Ronald McDonald<\/div>\n\t\t\t\t<\/a>\n\t\t\t\t<div class=\"wc-block-grid__product-price price\"><span class=\"woocommerce-Price-amount amount\">15,00&nbsp;<span class=\"woocommerce-Price-currencySymbol\">&euro;<\/span><\/span><\/div>\n\t\t\t\t\n\t\t\t\t<div class=\"wp-block-button wc-block-grid__product-add-to-cart\"><a href=\"?add-to-cart=3080\" aria-label=\"Adiciona ao carrinho: &ldquo;Garrafa T\u00e9rmica Funda\u00e7\u00e3o Infantil Ronald McDonald&rdquo;\" data-quantity=\"1\" data-product_id=\"3080\" data-product_sku=\"\" data-price=\"15\" rel=\"nofollow\" class=\"wp-block-button__link  add_to_cart_button ajax_add_to_cart\">Adicionar<\/a><\/div>\n\t\t\t<\/li><li data-gtm_item_name=\"Caderno Funda\u00e7\u00e3o Infantil Ronald McDonald\" data-gtm_item_brand=\"\" data-gtm_item_id=\"3077\" data-gtm_item_sku=\"\" data-gtm_price=\"11.00\" data-gtm_item_category=\"Merchandising\" data-gtm_index=\"1\"class=\"wc-block-grid__product\">\n\t\t\t\t<a href=\"https:\/\/fundacaoronaldmcdonald.com\/shop\/produto\/notebook-fundacao-infantil-ronald-mcdonald\/\" class=\"wc-block-grid__product-link\">\n\t\t\t\t\t\n\t\t\t\t\t<div class=\"wc-block-grid__product-image\"><img decoding=\"async\" width=\"350\" height=\"350\" src=\"https:\/\/fundacaoronaldmcdonald.com\/shop\/wp-content\/uploads\/2025\/07\/5-350x350.png\" class=\"attachment-woocommerce_thumbnail size-woocommerce_thumbnail\" alt=\"Caderno Funda\u00e7\u00e3o Infantil Ronald McDonald\" srcset=\"https:\/\/fundacaoronaldmcdonald.com\/shop\/wp-content\/uploads\/2025\/07\/5-350x350.png 350w, https:\/\/fundacaoronaldmcdonald.com\/shop\/wp-content\/uploads\/2025\/07\/5-300x300.png 300w, https:\/\/fundacaoronaldmcdonald.com\/shop\/wp-content\/uploads\/2025\/07\/5-150x150.png 150w, https:\/\/fundacaoronaldmcdonald.com\/shop\/wp-content\/uploads\/2025\/07\/5-768x768.png 768w, https:\/\/fundacaoronaldmcdonald.com\/shop\/wp-content\/uploads\/2025\/07\/5-680x680.png 680w, https:\/\/fundacaoronaldmcdonald.com\/shop\/wp-content\/uploads\/2025\/07\/5-100x100.png 100w, https:\/\/fundacaoronaldmcdonald.com\/shop\/wp-content\/uploads\/2025\/07\/5.png 1000w\" sizes=\"(max-width: 350px) 100vw, 350px\" \/><\/div>\n\t\t\t\t\t<div class=\"wc-block-grid__product-title\">Caderno Funda\u00e7\u00e3o Infantil Ronald McDonald<\/div>\n\t\t\t\t<\/a>\n\t\t\t\t<div class=\"wc-block-grid__product-price price\"><span class=\"woocommerce-Price-amount amount\">11,00&nbsp;<span class=\"woocommerce-Price-currencySymbol\">&euro;<\/span><\/span><\/div>\n\t\t\t\t\n\t\t\t\t<div class=\"wp-block-button wc-block-grid__product-add-to-cart\"><a href=\"?add-to-cart=3077\" aria-label=\"Adiciona ao carrinho: &ldquo;Caderno Funda\u00e7\u00e3o Infantil Ronald McDonald&rdquo;\" data-quantity=\"1\" data-product_id=\"3077\" data-product_sku=\"\" data-price=\"11\" rel=\"nofollow\" class=\"wp-block-button__link  add_to_cart_button ajax_add_to_cart\">Adicionar<\/a><\/div>\n\t\t\t<\/li><li data-gtm_item_name=\"Tote Bag Funda\u00e7\u00e3o Infantil Ronald McDonald\" data-gtm_item_brand=\"\" data-gtm_item_id=\"3065\" data-gtm_item_sku=\"\" data-gtm_price=\"15.00\" data-gtm_item_category=\"Merchandising\" data-gtm_index=\"1\"class=\"wc-block-grid__product\">\n\t\t\t\t<a href=\"https:\/\/fundacaoronaldmcdonald.com\/shop\/produto\/tote-bag-fundacao-infatil-ronald-mcdonlad\/\" class=\"wc-block-grid__product-link\">\n\t\t\t\t\t\n\t\t\t\t\t<div class=\"wc-block-grid__product-image\"><img loading=\"lazy\" decoding=\"async\" width=\"350\" height=\"350\" src=\"https:\/\/fundacaoronaldmcdonald.com\/shop\/wp-content\/uploads\/2025\/07\/1-1-350x350.png\" class=\"attachment-woocommerce_thumbnail size-woocommerce_thumbnail\" alt=\"Tote Bag Funda\u00e7\u00e3o Infantil Ronald McDonald\" srcset=\"https:\/\/fundacaoronaldmcdonald.com\/shop\/wp-content\/uploads\/2025\/07\/1-1-350x350.png 350w, https:\/\/fundacaoronaldmcdonald.com\/shop\/wp-content\/uploads\/2025\/07\/1-1-300x300.png 300w, https:\/\/fundacaoronaldmcdonald.com\/shop\/wp-content\/uploads\/2025\/07\/1-1-150x150.png 150w, https:\/\/fundacaoronaldmcdonald.com\/shop\/wp-content\/uploads\/2025\/07\/1-1-768x768.png 768w, https:\/\/fundacaoronaldmcdonald.com\/shop\/wp-content\/uploads\/2025\/07\/1-1-680x680.png 680w, https:\/\/fundacaoronaldmcdonald.com\/shop\/wp-content\/uploads\/2025\/07\/1-1-100x100.png 100w, https:\/\/fundacaoronaldmcdonald.com\/shop\/wp-content\/uploads\/2025\/07\/1-1.png 1000w\" sizes=\"(max-width: 350px) 100vw, 350px\" \/><\/div>\n\t\t\t\t\t<div class=\"wc-block-grid__product-title\">Tote Bag Funda\u00e7\u00e3o Infantil Ronald McDonald<\/div>\n\t\t\t\t<\/a>\n\t\t\t\t<div class=\"wc-block-grid__product-price price\"><span class=\"woocommerce-Price-amount amount\">15,00&nbsp;<span class=\"woocommerce-Price-currencySymbol\">&euro;<\/span><\/span><\/div>\n\t\t\t\t\n\t\t\t\t<div class=\"wp-block-button wc-block-grid__product-add-to-cart\"><a href=\"?add-to-cart=3065\" aria-label=\"Adiciona ao carrinho: &ldquo;Tote Bag Funda\u00e7\u00e3o Infantil Ronald McDonald&rdquo;\" data-quantity=\"1\" data-product_id=\"3065\" data-product_sku=\"\" data-price=\"15\" rel=\"nofollow\" class=\"wp-block-button__link  add_to_cart_button ajax_add_to_cart\">Adicionar<\/a><\/div>\n\t\t\t<\/li><\/ul><\/div><\/div><\/div>","protected":false},"excerpt":{"rendered":"","protected":false},"author":1,"featured_media":0,"parent":0,"menu_order":0,"comment_status":"closed","ping_status":"closed","template":"","meta":{"_acf_changed":false,"footnotes":""},"class_list":["post-11","page","type-page","status-publish","hentry"],"acf":[],"_links":{"self":[{"href":"https:\/\/fundacaoronaldmcdonald.com\/shop\/wp-json\/wp\/v2\/pages\/11","targetHints":{"allow":["GET"]}}],"collection":[{"href":"https:\/\/fundacaoronaldmcdonald.com\/shop\/wp-json\/wp\/v2\/pages"}],"about":[{"href":"https:\/\/fundacaoronaldmcdonald.com\/shop\/wp-json\/wp\/v2\/types\/page"}],"author":[{"embeddable":true,"href":"https:\/\/fundacaoronaldmcdonald.com\/shop\/wp-json\/wp\/v2\/users\/1"}],"replies":[{"embeddable":true,"href":"https:\/\/fundacaoronaldmcdonald.com\/shop\/wp-json\/wp\/v2\/comments?post=11"}],"version-history":[{"count":1,"href":"https:\/\/fundacaoronaldmcdonald.com\/shop\/wp-json\/wp\/v2\/pages\/11\/revisions"}],"predecessor-version":[{"id":2808,"href":"https:\/\/fundacaoronaldmcdonald.com\/shop\/wp-json\/wp\/v2\/pages\/11\/revisions\/2808"}],"wp:attachment":[{"href":"https:\/\/fundacaoronaldmcdonald.com\/shop\/wp-json\/wp\/v2\/media?parent=11"}],"curies":[{"name":"wp","href":"https:\/\/api.w.org\/{rel}","templated":true}]}}