{"id":3080,"date":"2025-07-14T12:01:25","date_gmt":"2025-07-14T12:01:25","guid":{"rendered":"https:\/\/fundacaoronaldmcdonald.com\/shop\/?post_type=product&#038;p=3080"},"modified":"2026-04-13T12:33:53","modified_gmt":"2026-04-13T12:33:53","slug":"garrafa-termica-fundacao-infantil-ronald-mcdonald","status":"publish","type":"product","link":"https:\/\/fundacaoronaldmcdonald.com\/shop\/produto\/garrafa-termica-fundacao-infantil-ronald-mcdonald\/","title":{"rendered":"Garrafa T\u00e9rmica Funda\u00e7\u00e3o Infantil Ronald McDonald"},"content":{"rendered":"<p>Garrafa t\u00e9rmica de a\u00e7o inoxid\u00e1vel e de parede dupla &#8211; 500ml<\/p>\n","protected":false},"excerpt":{"rendered":"<p>Descubra a magia de ajudar com a <strong>Garrafa T\u00e9rmica<\/strong>\u00a0da <strong>Funda\u00e7\u00e3o Infantil Ronald McDonald<\/strong>!<\/p>\n<p>Esta garrafa t\u00e9rmica alia funcionalidade e prop\u00f3sito \u2014 mantendo as suas bebidas \u00e0 temperatura ideal enquanto aquece os cora\u00e7\u00f5es de quem mais precisa.<\/p>\n<p>Ao adquirir este artigo solid\u00e1rio, est\u00e1 a contribuir diretamente para a nossa miss\u00e3o de apoiar fam\u00edlias com crian\u00e7as e jovens em tratamento hospitalar.<\/p>\n<p><strong>Uma compra com impacto, que leva conforto a quem mais precisa.<\/strong><\/p>\n","protected":false},"featured_media":3081,"comment_status":"closed","ping_status":"closed","template":"","meta":{"_acf_changed":false},"product_brand":[],"product_cat":[113],"product_tag":[],"class_list":{"0":"post-3080","1":"product","2":"type-product","3":"status-publish","4":"has-post-thumbnail","6":"product_cat-merchandising","8":"first","9":"instock","10":"taxable","11":"shipping-taxable","12":"purchasable","13":"product-type-simple"},"acf":[],"_links":{"self":[{"href":"https:\/\/fundacaoronaldmcdonald.com\/shop\/wp-json\/wp\/v2\/product\/3080","targetHints":{"allow":["GET"]}}],"collection":[{"href":"https:\/\/fundacaoronaldmcdonald.com\/shop\/wp-json\/wp\/v2\/product"}],"about":[{"href":"https:\/\/fundacaoronaldmcdonald.com\/shop\/wp-json\/wp\/v2\/types\/product"}],"replies":[{"embeddable":true,"href":"https:\/\/fundacaoronaldmcdonald.com\/shop\/wp-json\/wp\/v2\/comments?post=3080"}],"wp:featuredmedia":[{"embeddable":true,"href":"https:\/\/fundacaoronaldmcdonald.com\/shop\/wp-json\/wp\/v2\/media\/3081"}],"wp:attachment":[{"href":"https:\/\/fundacaoronaldmcdonald.com\/shop\/wp-json\/wp\/v2\/media?parent=3080"}],"wp:term":[{"taxonomy":"product_brand","embeddable":true,"href":"https:\/\/fundacaoronaldmcdonald.com\/shop\/wp-json\/wp\/v2\/product_brand?post=3080"},{"taxonomy":"product_cat","embeddable":true,"href":"https:\/\/fundacaoronaldmcdonald.com\/shop\/wp-json\/wp\/v2\/product_cat?post=3080"},{"taxonomy":"product_tag","embeddable":true,"href":"https:\/\/fundacaoronaldmcdonald.com\/shop\/wp-json\/wp\/v2\/product_tag?post=3080"}],"curies":[{"name":"wp","href":"https:\/\/api.w.org\/{rel}","templated":true}]}}